 number?
False
Is 12165133 prime?
True
Is 23469293 a composite number?
False
Is 3791303 a prime number?
True
Is 13031105 prime?
False
Is 195149 prime?
False
Is 199046159 prime?
False
Is 17468299 a prime number?
False
Is 6343381 a composite number?
True
Is 1998182 composite?
True
Is 3206921 prime?
True
Is 4392883 prime?
False
Is 23119498 composite?
True
Is 566593 a prime number?
False
Is 20782491 prime?
False
Is 70341091 composite?
False
Is 34890607 a composite number?
True
Is 4931813 composite?
False
Is 1334811 a prime number?
False
Is 668383 a prime number?
False
Is 11776939 a composite number?
True
Is 57837449 prime?
True
Is 239777845 a prime number?
False
Is 23622227 a prime number?
True
Is 23535623 composite?
True
Is 45673063 composite?
False
Is 292753 prime?
True
Is 5694187 composite?
False
Is 2004047 composite?
True
Is 6598733 prime?
True
Is 1620427 a composite number?
True
Is 34934129 a prime number?
False
Is 8469973 a composite number?
False
Is 5895831 prime?
False
Is 1104860693 composite?
False
Is 6896581 prime?
False
Is 3567761 prime?
True
Is 765521 prime?
True
Is 31217073 a prime number?
False
Is 19346191 prime?
True
Is 34363991 prime?
True
Is 360557 a prime number?
False
Is 22532281 composite?
False
Is 301367 a prime number?
False
Is 1136698 prime?
False
Is 226601 a prime number?
True
Is 238331461 a composite number?
True
Is 10041299 prime?
True
Is 79358743 composite?
True
Is 186300371 a prime number?
False
Is 2639957 prime?
False
Is 26973307 composite?
True
Is 6106873 a composite number?
False
Is 2853241 composite?
False
Is 262659398 a prime number?
False
Is 4520497 a prime number?
True
Is 38296919 prime?
True
Is 115327551 prime?
False
Is 8345629 a prime number?
False
Is 27663427 prime?
False
Is 51790163 prime?
True
Is 18388973 a prime number?
False
Is 1721477 prime?
True
Is 25776529 a composite number?
False
Is 6994279 prime?
True
Is 80275763 a prime number?
False
Is 12072031 prime?
True
Is 115631 a prime number?
True
Is 193657603 a composite number?
False
Is 62981999 composite?
True
Is 2044733 composite?
False
Is 45374935 a prime number?
False
Is 1615462 a prime number?
False
Is 36757057 prime?
True
Is 2298577 prime?
True
Is 170970559 a composite number?
False
Is 179029239 prime?
False
Is 7394407 prime?
False
Is 1201721 prime?
False
Is 24441139 a prime number?
False
Is 11857967 a composite number?
True
Is 7903471 composite?
False
Is 1073053 prime?
True
Is 100887 prime?
False
Is 3529873 composite?
False
Is 168307 prime?
False
Is 31265651 a composite number?
False
Is 603310073 a prime number?
True
Is 215949037 prime?
False
Is 4717813 composite?
True
Is 8585027 a prime number?
False
Is 4564411 prime?
True
Is 4708013 prime?
True
Is 201463 prime?
False
Is 224727791 a prime number?
False
Is 319648309 a prime number?
True
Is 591833051 composite?
True
Is 72429839 composite?
False
Is 21493145 a composite number?
True
Is 11186429 a prime number?
True
Is 15292463 a composite number?
False
Is 37565747 composite?
False
Is 11726833 prime?
False
Is 91036567 a composite number?
False
Is 8585039 prime?
True
Is 417093461 a prime number?
False
Is 37113959 a composite number?
True
Is 4771687 a composite number?
False
Is 487673 a composite number?
True
Is 5670307 a composite number?
False
Is 67858303 a prime number?
False
Is 78176261 composite?
False
Is 384062453 composite?
True
Is 2149877 a prime number?
True
Is 38696363 a composite number?
True
Is 106628785 composite?
True
Is 985321 a composite number?
True
Is 4116181 prime?
True
Is 927491 a composite number?
False
Is 12601543 prime?
True
Is 2027491 a composite number?
True
Is 87404795 a composite number?
True
Is 372516493 prime?
False
Is 1261613 a composite number?
True
Is 2037505 a composite number?
True
Is 27035171 composite?
False
Is 1072613 prime?
True
Is 770351 a composite number?
True
Is 1328891 composite?
False
Is 18377593 composite?
True
Is 12226015 a prime number?
False
Is 10341517 composite?
True
Is 573886367 composite?
False
Is 14698511 a composite number?
True
Is 162903409 composite?
False
Is 124096453 a prime number?
False
Is 244313 prime?
True
Is 16048563 prime?
False
Is 3004721 a prime number?
False
Is 129562385 prime?
False
Is 104537509 composite?
False
Is 193429 a prime number?
False
Is 36722071 a composite number?
True
Is 84576301 composite?
True
Is 139498807 a composite number?
True
Is 102705179 a prime number?
False
Is 6379817 a composite number?
False
Is 491141843 composite?
False
Is 4726529 a prime number?
False
Is 52644289 a composite number?
True
Is 3171187 a prime number?
True
Is 8961545 a composite number?
True
Is 7740371 composite?
False
Is 11107945 a prime number?
False
Is 4700191 a composite number?
False
Is 103205926 a prime number?
False
Is 1066389 composite?
True
Is 87973 a prime number?
True
Is 41623949 composite?
True
Is 22864999 prime?
False
Is 35882533 prime?
True
Is 1215623 composite?
False
Is 223453199 prime?
True
Is 4688121 a composite number?
True
Is 36120661 a prime number?
True
Is 12267973 a composite number?
False
Is 3186457 composite?
True
Is 1909603 a prime number?
True
Is 10292087 a composite number?
True
Is 480707 prime?
True
Is 4649839 prime?
False
Is 43543847 a composite number?
False
Is 9574037 a prime number?
False
Is 11462351 composite?
False
Is 3959173 prime?
False
Is 3792703 a composite number?
True
Is 72361951 composite?
False
Is 50555959 a composite number?
False
Is 7993981 prime?
False
Is 10043603 composite?
False
Is 1604921 a composite number?
True
Is 88905745 a prime number?
False
Is 200163203 composite?
True
Is 93283441 composite?
True
Is 9472343 composite?
True
Is 37256107 a prime number?
False
Is 158261 prime?
True
Is 170412433 prime?
True
Is 1317241 prime?
False
Is 4098327 a composite number?
True
Is 122649859 prime?
True
Is 7046339 composite?
False
Is 9073237 a prime number?
False
Is 6200443 prime?
True
Is 11554273 a composite number?
True
Is 7835777 composite?
True
Is 1481143 a prime number?
True
Is 34100957 composite?
True
Is 171192313 prime?
False
Is 6181397 composite?
True
Is 705199 a prime number?
False
Is 133747 prime?
False
Is 81139693 composite?
False
Is 84288731 a prime number?
False
Is 8403197 a composite number?
True
Is 501187 prime?
True
Is 26064937 a composite number?
False
Is 45780671 prime?
False
Is 69400099 composite?
False
Is 89499097 a composite number?
False
Is 5629553 prime?
True
Is 39670973 prime?
True
Is 1066619 a composite number?
False
Is 1236487 a composite number?
True
Is 1111379 a prime number?
True
Is 33401695 a prime number?
False
Is 80397953 prime?
True
Is 16074889 a prime number?
True
Is 4387633 a composite number?
False
Is 55749 a prime number?
False
Is 89352257 a composite number?
False
Is 769888597 composite?
False
Is 8310319 composite?
True
Is 26319289 a composite number?
True
Is 30924671 prime?
True
Is 51522137 a composite number?
False
Is 5983739 prime?
False
Is 48062123 prime?
True
Is 1431883 prime?
False
Is 8728921 prime?
True
Is 1940663 composite?
False
Is 1266361 composite?
True
Is 362456567 a composite number?
True
Is 57874471 prime?
True
Is 2692841 a prime number?
False
Is 2998279 composite?
False
Is 32146189 prime?
True
Is 2342793 a prime number?
False
Is 1257121139 a composite number?
True
Is 42627493 a composite number?
False
Is 13180469 composite?
True
Is 24288889 a prime number?
True
Is 1493329 prime?
True
Is 25707991 a composite number?
False
Is 224352767 prime?
True
Is 519795785 a composite number?
True
Is 52684637 composite?
False
Is 832859 composite?
True
Is 23587481 prime?
True
Is 503346437 composite?
True
Is 464278591 composite?
True
Is 1542661 a composite number?
False
Is 377591965 prime?
False
Is 120488507 composite?
True
Is 4087597 a prime number?
True
Is 1196939 a prime number?
True
Is 10377793 composite?
False
Is 11586359 composite?
True
Is 4940711 a composite number?
False
Is 25968277 a prime number?
True
Is 215354155 a prime number?
False
Is 1991807 prime?
False
Is 66231943 a prime number?
False
Is 13681643 prime?
True
Is 54148091 composite?
False
Is 661909 prime?
True
Is 86646371 prime?
False
Is 126221497 composite?
True
Is 12707837 composite?
False
Is 3402233 a prime number?
True
Is 4589677 composite?
True
Is 120773159 composite?
True
Is 40811293 prime?
False
Is 2136